{"id":18,"date":"2026-02-09T19:35:21","date_gmt":"2026-02-09T19:35:21","guid":{"rendered":"https:\/\/notariuszgaledek.pl\/?page_id=18"},"modified":"2026-02-12T07:27:13","modified_gmt":"2026-02-12T07:27:13","slug":"wspolpraca","status":"publish","type":"page","link":"https:\/\/notariuszgaledek.pl\/index.php\/wspolpraca\/","title":{"rendered":"Wsp\u00f3\u0142praca"},"content":{"rendered":"\n<p>Kancelaria Notarialna wsp\u00f3\u0142pracuje na sta\u0142e z Ann\u0105 Rutkowsk\u0105-Ga\u0142\u0119dek, adwokatem prowadz\u0105cym samodzieln\u0105 praktyk\u0119 zawodow\u0105.<br>W ramach tej wsp\u00f3\u0142pracy mo\u017cliwe jest uzyskanie pomocy prawnej przed dokonaniem czynno\u015bci notarialnej, w szczeg\u00f3lno\u015bci w zakresie analizy stanu prawnego, przygotowania projektu umowy lub wyja\u015bnienia skutk\u00f3w planowanych rozwi\u0105za\u0144.<br>Po dokonaniu czynno\u015bci notarialnej adwokat mo\u017ce udziela\u0107 pomocy w sprawach spornych, s\u0105dowych lub wykonawczych, je\u017celi oka\u017ce si\u0119 to konieczne.<br>Wsp\u00f3\u0142praca ma charakter informacyjno-merytoryczny, przy zachowaniu pe\u0142nej niezale\u017cno\u015bci obu kancelarii oraz zasad wynikaj\u0105cych z obowi\u0105zuj\u0105cych przepis\u00f3w.<\/p>\n\n\n\n<p><\/p>\n\n\n\n<h2 class=\"wp-block-heading\"><strong>Kontakt<\/strong><\/h2>\n\n\n\n<p class=\"has-medium-font-size\"><strong>Kancelaria Adwokacka Anna Rutkowska-Ga\u0142\u0119dek<\/strong><\/p>\n\n\n\n<p>Adres: ul. Szeroka 11\/13 \/ 2, 80-835 (wej\u015bcie od ul. W\u0119glarskiej)<br>Telefon: 692\u00a0916 319<br>E-mail: <a href=\"mailto:adwokat.rutkowska.gd@gmail.com\">adwokat.rutkowska.gd@gmail.com<\/a> Strona internetowa: <a href=\"https:\/\/adwokat-arg.pl\/\">adwokat-arg.pl<\/a><\/p>\n\n\n\n<p><\/p>\n","protected":false},"excerpt":{"rendered":"<p>Kancelaria Notarialna wsp\u00f3\u0142pracuje na sta\u0142e z Ann\u0105 Rutkowsk\u0105-Ga\u0142\u0119dek, adwokatem prowadz\u0105cym samodzieln\u0105 praktyk\u0119 zawodow\u0105.W ramach tej wsp\u00f3\u0142pracy mo\u017cliwe jest uzyskanie pomocy prawnej przed dokonaniem czynno\u015bci notarialnej, w szczeg\u00f3lno\u015bci w zakresie analizy stanu prawnego, przygotowania projektu umowy lub wyja\u015bnienia skutk\u00f3w planowanych rozwi\u0105za\u0144.Po dokonaniu czynno\u015bci notarialnej adwokat mo\u017ce udziela\u0107 pomocy w sprawach spornych, s\u0105dowych lub wykonawczych, je\u017celi oka\u017ce [&hellip;]<\/p>\n","protected":false},"author":1,"featured_media":0,"parent":0,"menu_order":0,"comment_status":"closed","ping_status":"closed","template":"","meta":{"footnotes":""},"class_list":["post-18","page","type-page","status-publish","hentry"],"yoast_head":"<!-- This site is optimized with the Yoast SEO plugin v27.2 - https:\/\/yoast.com\/product\/yoast-seo-wordpress\/ -->\n<title>Wsp\u00f3\u0142praca - Kancelaria Notarialna<\/title>\n<meta name=\"robots\" content=\"index, follow, max-snippet:-1, max-image-preview:large, max-video-preview:-1\" \/>\n<link rel=\"canonical\" href=\"https:\/\/notariuszgaledek.pl\/index.php\/wspolpraca\/\" \/>\n<meta property=\"og:locale\" content=\"pl_PL\" \/>\n<meta property=\"og:type\" content=\"article\" \/>\n<meta property=\"og:title\" content=\"Wsp\u00f3\u0142praca - Kancelaria Notarialna\" \/>\n<meta property=\"og:description\" content=\"Kancelaria Notarialna wsp\u00f3\u0142pracuje na sta\u0142e z Ann\u0105 Rutkowsk\u0105-Ga\u0142\u0119dek, adwokatem prowadz\u0105cym samodzieln\u0105 praktyk\u0119 zawodow\u0105.W ramach tej wsp\u00f3\u0142pracy mo\u017cliwe jest uzyskanie pomocy prawnej przed dokonaniem czynno\u015bci notarialnej, w szczeg\u00f3lno\u015bci w zakresie analizy stanu prawnego, przygotowania projektu umowy lub wyja\u015bnienia skutk\u00f3w planowanych rozwi\u0105za\u0144.Po dokonaniu czynno\u015bci notarialnej adwokat mo\u017ce udziela\u0107 pomocy w sprawach spornych, s\u0105dowych lub wykonawczych, je\u017celi oka\u017ce [&hellip;]\" \/>\n<meta property=\"og:url\" content=\"https:\/\/notariuszgaledek.pl\/index.php\/wspolpraca\/\" \/>\n<meta property=\"og:site_name\" content=\"Kancelaria Notarialna\" \/>\n<meta property=\"article:modified_time\" content=\"2026-02-12T07:27:13+00:00\" \/>\n<meta name=\"twitter:card\" content=\"summary_large_image\" \/>\n<meta name=\"twitter:label1\" content=\"Szacowany czas czytania\" \/>\n\t<meta name=\"twitter:data1\" content=\"1 minuta\" \/>\n<script type=\"application\/ld+json\" class=\"yoast-schema-graph\">{\"@context\":\"https:\/\/schema.org\",\"@graph\":[{\"@type\":\"WebPage\",\"@id\":\"https:\/\/notariuszgaledek.pl\/index.php\/wspolpraca\/\",\"url\":\"https:\/\/notariuszgaledek.pl\/index.php\/wspolpraca\/\",\"name\":\"Wsp\u00f3\u0142praca - Kancelaria Notarialna\",\"isPartOf\":{\"@id\":\"https:\/\/notariuszgaledek.pl\/#website\"},\"datePublished\":\"2026-02-09T19:35:21+00:00\",\"dateModified\":\"2026-02-12T07:27:13+00:00\",\"breadcrumb\":{\"@id\":\"https:\/\/notariuszgaledek.pl\/index.php\/wspolpraca\/#breadcrumb\"},\"inLanguage\":\"pl-PL\",\"potentialAction\":[{\"@type\":\"ReadAction\",\"target\":[\"https:\/\/notariuszgaledek.pl\/index.php\/wspolpraca\/\"]}]},{\"@type\":\"BreadcrumbList\",\"@id\":\"https:\/\/notariuszgaledek.pl\/index.php\/wspolpraca\/#breadcrumb\",\"itemListElement\":[{\"@type\":\"ListItem\",\"position\":1,\"name\":\"Strona g\u0142\u00f3wna\",\"item\":\"https:\/\/notariuszgaledek.pl\/\"},{\"@type\":\"ListItem\",\"position\":2,\"name\":\"Wsp\u00f3\u0142praca\"}]},{\"@type\":\"WebSite\",\"@id\":\"https:\/\/notariuszgaledek.pl\/#website\",\"url\":\"https:\/\/notariuszgaledek.pl\/\",\"name\":\"Kancelaria Notarialna\",\"description\":\"Notariusz Micha\u0142 Ga\u0142\u0119dek\",\"publisher\":{\"@id\":\"https:\/\/notariuszgaledek.pl\/#organization\"},\"potentialAction\":[{\"@type\":\"SearchAction\",\"target\":{\"@type\":\"EntryPoint\",\"urlTemplate\":\"https:\/\/notariuszgaledek.pl\/?s={search_term_string}\"},\"query-input\":{\"@type\":\"PropertyValueSpecification\",\"valueRequired\":true,\"valueName\":\"search_term_string\"}}],\"inLanguage\":\"pl-PL\"},{\"@type\":\"Organization\",\"@id\":\"https:\/\/notariuszgaledek.pl\/#organization\",\"name\":\"Kancelaria Notarialna\",\"url\":\"https:\/\/notariuszgaledek.pl\/\",\"logo\":{\"@type\":\"ImageObject\",\"inLanguage\":\"pl-PL\",\"@id\":\"https:\/\/notariuszgaledek.pl\/#\/schema\/logo\/image\/\",\"url\":\"https:\/\/notariuszgaledek.pl\/wp-content\/uploads\/2026\/02\/bitmapa.png\",\"contentUrl\":\"https:\/\/notariuszgaledek.pl\/wp-content\/uploads\/2026\/02\/bitmapa.png\",\"width\":512,\"height\":512,\"caption\":\"Kancelaria Notarialna\"},\"image\":{\"@id\":\"https:\/\/notariuszgaledek.pl\/#\/schema\/logo\/image\/\"}}]}<\/script>\n<!-- \/ Yoast SEO plugin. -->","yoast_head_json":{"title":"Wsp\u00f3\u0142praca - Kancelaria Notarialna","robots":{"index":"index","follow":"follow","max-snippet":"max-snippet:-1","max-image-preview":"max-image-preview:large","max-video-preview":"max-video-preview:-1"},"canonical":"https:\/\/notariuszgaledek.pl\/index.php\/wspolpraca\/","og_locale":"pl_PL","og_type":"article","og_title":"Wsp\u00f3\u0142praca - Kancelaria Notarialna","og_description":"Kancelaria Notarialna wsp\u00f3\u0142pracuje na sta\u0142e z Ann\u0105 Rutkowsk\u0105-Ga\u0142\u0119dek, adwokatem prowadz\u0105cym samodzieln\u0105 praktyk\u0119 zawodow\u0105.W ramach tej wsp\u00f3\u0142pracy mo\u017cliwe jest uzyskanie pomocy prawnej przed dokonaniem czynno\u015bci notarialnej, w szczeg\u00f3lno\u015bci w zakresie analizy stanu prawnego, przygotowania projektu umowy lub wyja\u015bnienia skutk\u00f3w planowanych rozwi\u0105za\u0144.Po dokonaniu czynno\u015bci notarialnej adwokat mo\u017ce udziela\u0107 pomocy w sprawach spornych, s\u0105dowych lub wykonawczych, je\u017celi oka\u017ce [&hellip;]","og_url":"https:\/\/notariuszgaledek.pl\/index.php\/wspolpraca\/","og_site_name":"Kancelaria Notarialna","article_modified_time":"2026-02-12T07:27:13+00:00","twitter_card":"summary_large_image","twitter_misc":{"Szacowany czas czytania":"1 minuta"},"schema":{"@context":"https:\/\/schema.org","@graph":[{"@type":"WebPage","@id":"https:\/\/notariuszgaledek.pl\/index.php\/wspolpraca\/","url":"https:\/\/notariuszgaledek.pl\/index.php\/wspolpraca\/","name":"Wsp\u00f3\u0142praca - Kancelaria Notarialna","isPartOf":{"@id":"https:\/\/notariuszgaledek.pl\/#website"},"datePublished":"2026-02-09T19:35:21+00:00","dateModified":"2026-02-12T07:27:13+00:00","breadcrumb":{"@id":"https:\/\/notariuszgaledek.pl\/index.php\/wspolpraca\/#breadcrumb"},"inLanguage":"pl-PL","potentialAction":[{"@type":"ReadAction","target":["https:\/\/notariuszgaledek.pl\/index.php\/wspolpraca\/"]}]},{"@type":"BreadcrumbList","@id":"https:\/\/notariuszgaledek.pl\/index.php\/wspolpraca\/#breadcrumb","itemListElement":[{"@type":"ListItem","position":1,"name":"Strona g\u0142\u00f3wna","item":"https:\/\/notariuszgaledek.pl\/"},{"@type":"ListItem","position":2,"name":"Wsp\u00f3\u0142praca"}]},{"@type":"WebSite","@id":"https:\/\/notariuszgaledek.pl\/#website","url":"https:\/\/notariuszgaledek.pl\/","name":"Kancelaria Notarialna","description":"Notariusz Micha\u0142 Ga\u0142\u0119dek","publisher":{"@id":"https:\/\/notariuszgaledek.pl\/#organization"},"potentialAction":[{"@type":"SearchAction","target":{"@type":"EntryPoint","urlTemplate":"https:\/\/notariuszgaledek.pl\/?s={search_term_string}"},"query-input":{"@type":"PropertyValueSpecification","valueRequired":true,"valueName":"search_term_string"}}],"inLanguage":"pl-PL"},{"@type":"Organization","@id":"https:\/\/notariuszgaledek.pl\/#organization","name":"Kancelaria Notarialna","url":"https:\/\/notariuszgaledek.pl\/","logo":{"@type":"ImageObject","inLanguage":"pl-PL","@id":"https:\/\/notariuszgaledek.pl\/#\/schema\/logo\/image\/","url":"https:\/\/notariuszgaledek.pl\/wp-content\/uploads\/2026\/02\/bitmapa.png","contentUrl":"https:\/\/notariuszgaledek.pl\/wp-content\/uploads\/2026\/02\/bitmapa.png","width":512,"height":512,"caption":"Kancelaria Notarialna"},"image":{"@id":"https:\/\/notariuszgaledek.pl\/#\/schema\/logo\/image\/"}}]}},"_links":{"self":[{"href":"https:\/\/notariuszgaledek.pl\/index.php\/wp-json\/wp\/v2\/pages\/18","targetHints":{"allow":["GET"]}}],"collection":[{"href":"https:\/\/notariuszgaledek.pl\/index.php\/wp-json\/wp\/v2\/pages"}],"about":[{"href":"https:\/\/notariuszgaledek.pl\/index.php\/wp-json\/wp\/v2\/types\/page"}],"author":[{"embeddable":true,"href":"https:\/\/notariuszgaledek.pl\/index.php\/wp-json\/wp\/v2\/users\/1"}],"replies":[{"embeddable":true,"href":"https:\/\/notariuszgaledek.pl\/index.php\/wp-json\/wp\/v2\/comments?post=18"}],"version-history":[{"count":5,"href":"https:\/\/notariuszgaledek.pl\/index.php\/wp-json\/wp\/v2\/pages\/18\/revisions"}],"predecessor-version":[{"id":66,"href":"https:\/\/notariuszgaledek.pl\/index.php\/wp-json\/wp\/v2\/pages\/18\/revisions\/66"}],"wp:attachment":[{"href":"https:\/\/notariuszgaledek.pl\/index.php\/wp-json\/wp\/v2\/media?parent=18"}],"curies":[{"name":"wp","href":"https:\/\/api.w.org\/{rel}","templated":true}]}}