{"id":8,"date":"2026-02-09T19:30:26","date_gmt":"2026-02-09T19:30:26","guid":{"rendered":"https:\/\/notariuszgaledek.pl\/?page_id=8"},"modified":"2026-02-10T20:25:28","modified_gmt":"2026-02-10T20:25:28","slug":"czynnosci-notarialne","status":"publish","type":"page","link":"https:\/\/notariuszgaledek.pl\/index.php\/czynnosci-notarialne\/","title":{"rendered":"Czynno\u015bci notarialne"},"content":{"rendered":"\n<p>Kancelaria wykonuje czynno\u015bci notarialne przewidziane prawem, w szczeg\u00f3lno\u015bci:<\/p>\n\n\n\n<p>\u2013 sporz\u0105dzanie akt\u00f3w notarialnych,<br>\u2013 umowy sprzeda\u017cy, darowizny i inne umowy dotycz\u0105ce nieruchomo\u015bci,<br>\u2013 testamenty i czynno\u015bci spadkowe,<br>\u2013 pe\u0142nomocnictwa,<br>\u2013 po\u015bwiadczenia podpis\u00f3w i dokument\u00f3w,<br>\u2013 umowy maj\u0105tkowe ma\u0142\u017ce\u0144skie,<br>\u2013 protoko\u0142y notarialne,<br>\u2013 depozyty notarialne,<br>&#8211; umowy sp\u00f3\u0142ek i inne czynno\u015bci prawa handlowego, w tym udzia\u0142 w zgromadzeniach wsp\u00f3lnik\u00f3w.\nKa\u017cda czynno\u015b\u0107 poprzedzona jest analiz\u0105 prawn\u0105 oraz om\u00f3wieniem jej skutk\u00f3w prawnych. <\/p>\n\n\n\n<p><\/p>\n\n\n\n<p><\/p>\n\n\n\n<p><\/p>\n\n\n\n<p><\/p>\n\n\n\n<p><\/p>\n","protected":false},"excerpt":{"rendered":"<p>Kancelaria wykonuje czynno\u015bci notarialne przewidziane prawem, w szczeg\u00f3lno\u015bci: \u2013 sporz\u0105dzanie akt\u00f3w notarialnych,\u2013 umowy sprzeda\u017cy, darowizny i inne umowy dotycz\u0105ce nieruchomo\u015bci,\u2013 testamenty i czynno\u015bci spadkowe,\u2013 pe\u0142nomocnictwa,\u2013 po\u015bwiadczenia podpis\u00f3w i dokument\u00f3w,\u2013 umowy maj\u0105tkowe ma\u0142\u017ce\u0144skie,\u2013 protoko\u0142y notarialne,\u2013 depozyty notarialne,&#8211; umowy sp\u00f3\u0142ek i inne czynno\u015bci prawa handlowego, w tym udzia\u0142 w zgromadzeniach wsp\u00f3lnik\u00f3w. Ka\u017cda czynno\u015b\u0107 poprzedzona jest analiz\u0105 prawn\u0105 [&hellip;]<\/p>\n","protected":false},"author":1,"featured_media":0,"parent":0,"menu_order":0,"comment_status":"closed","ping_status":"closed","template":"","meta":{"footnotes":""},"class_list":["post-8","page","type-page","status-publish","hentry"],"yoast_head":"<!-- This site is optimized with the Yoast SEO plugin v27.2 - https:\/\/yoast.com\/product\/yoast-seo-wordpress\/ -->\n<title>Czynno\u015bci notarialne - Kancelaria Notarialna<\/title>\n<meta name=\"robots\" content=\"index, follow, max-snippet:-1, max-image-preview:large, max-video-preview:-1\" \/>\n<link rel=\"canonical\" href=\"https:\/\/notariuszgaledek.pl\/index.php\/czynnosci-notarialne\/\" \/>\n<meta property=\"og:locale\" content=\"pl_PL\" \/>\n<meta property=\"og:type\" content=\"article\" \/>\n<meta property=\"og:title\" content=\"Czynno\u015bci notarialne - Kancelaria Notarialna\" \/>\n<meta property=\"og:description\" content=\"Kancelaria wykonuje czynno\u015bci notarialne przewidziane prawem, w szczeg\u00f3lno\u015bci: \u2013 sporz\u0105dzanie akt\u00f3w notarialnych,\u2013 umowy sprzeda\u017cy, darowizny i inne umowy dotycz\u0105ce nieruchomo\u015bci,\u2013 testamenty i czynno\u015bci spadkowe,\u2013 pe\u0142nomocnictwa,\u2013 po\u015bwiadczenia podpis\u00f3w i dokument\u00f3w,\u2013 umowy maj\u0105tkowe ma\u0142\u017ce\u0144skie,\u2013 protoko\u0142y notarialne,\u2013 depozyty notarialne,&#8211; umowy sp\u00f3\u0142ek i inne czynno\u015bci prawa handlowego, w tym udzia\u0142 w zgromadzeniach wsp\u00f3lnik\u00f3w. Ka\u017cda czynno\u015b\u0107 poprzedzona jest analiz\u0105 prawn\u0105 [&hellip;]\" \/>\n<meta property=\"og:url\" content=\"https:\/\/notariuszgaledek.pl\/index.php\/czynnosci-notarialne\/\" \/>\n<meta property=\"og:site_name\" content=\"Kancelaria Notarialna\" \/>\n<meta property=\"article:modified_time\" content=\"2026-02-10T20:25:28+00:00\" \/>\n<meta name=\"twitter:card\" content=\"summary_large_image\" \/>\n<meta name=\"twitter:label1\" content=\"Szacowany czas czytania\" \/>\n\t<meta name=\"twitter:data1\" content=\"1 minuta\" \/>\n<script type=\"application\/ld+json\" class=\"yoast-schema-graph\">{\"@context\":\"https:\/\/schema.org\",\"@graph\":[{\"@type\":\"WebPage\",\"@id\":\"https:\/\/notariuszgaledek.pl\/index.php\/czynnosci-notarialne\/\",\"url\":\"https:\/\/notariuszgaledek.pl\/index.php\/czynnosci-notarialne\/\",\"name\":\"Czynno\u015bci notarialne - Kancelaria Notarialna\",\"isPartOf\":{\"@id\":\"https:\/\/notariuszgaledek.pl\/#website\"},\"datePublished\":\"2026-02-09T19:30:26+00:00\",\"dateModified\":\"2026-02-10T20:25:28+00:00\",\"breadcrumb\":{\"@id\":\"https:\/\/notariuszgaledek.pl\/index.php\/czynnosci-notarialne\/#breadcrumb\"},\"inLanguage\":\"pl-PL\",\"potentialAction\":[{\"@type\":\"ReadAction\",\"target\":[\"https:\/\/notariuszgaledek.pl\/index.php\/czynnosci-notarialne\/\"]}]},{\"@type\":\"BreadcrumbList\",\"@id\":\"https:\/\/notariuszgaledek.pl\/index.php\/czynnosci-notarialne\/#breadcrumb\",\"itemListElement\":[{\"@type\":\"ListItem\",\"position\":1,\"name\":\"Strona g\u0142\u00f3wna\",\"item\":\"https:\/\/notariuszgaledek.pl\/\"},{\"@type\":\"ListItem\",\"position\":2,\"name\":\"Czynno\u015bci notarialne\"}]},{\"@type\":\"WebSite\",\"@id\":\"https:\/\/notariuszgaledek.pl\/#website\",\"url\":\"https:\/\/notariuszgaledek.pl\/\",\"name\":\"Kancelaria Notarialna\",\"description\":\"Notariusz Micha\u0142 Ga\u0142\u0119dek\",\"publisher\":{\"@id\":\"https:\/\/notariuszgaledek.pl\/#organization\"},\"potentialAction\":[{\"@type\":\"SearchAction\",\"target\":{\"@type\":\"EntryPoint\",\"urlTemplate\":\"https:\/\/notariuszgaledek.pl\/?s={search_term_string}\"},\"query-input\":{\"@type\":\"PropertyValueSpecification\",\"valueRequired\":true,\"valueName\":\"search_term_string\"}}],\"inLanguage\":\"pl-PL\"},{\"@type\":\"Organization\",\"@id\":\"https:\/\/notariuszgaledek.pl\/#organization\",\"name\":\"Kancelaria Notarialna\",\"url\":\"https:\/\/notariuszgaledek.pl\/\",\"logo\":{\"@type\":\"ImageObject\",\"inLanguage\":\"pl-PL\",\"@id\":\"https:\/\/notariuszgaledek.pl\/#\/schema\/logo\/image\/\",\"url\":\"https:\/\/notariuszgaledek.pl\/wp-content\/uploads\/2026\/02\/bitmapa.png\",\"contentUrl\":\"https:\/\/notariuszgaledek.pl\/wp-content\/uploads\/2026\/02\/bitmapa.png\",\"width\":512,\"height\":512,\"caption\":\"Kancelaria Notarialna\"},\"image\":{\"@id\":\"https:\/\/notariuszgaledek.pl\/#\/schema\/logo\/image\/\"}}]}<\/script>\n<!-- \/ Yoast SEO plugin. -->","yoast_head_json":{"title":"Czynno\u015bci notarialne - Kancelaria Notarialna","robots":{"index":"index","follow":"follow","max-snippet":"max-snippet:-1","max-image-preview":"max-image-preview:large","max-video-preview":"max-video-preview:-1"},"canonical":"https:\/\/notariuszgaledek.pl\/index.php\/czynnosci-notarialne\/","og_locale":"pl_PL","og_type":"article","og_title":"Czynno\u015bci notarialne - Kancelaria Notarialna","og_description":"Kancelaria wykonuje czynno\u015bci notarialne przewidziane prawem, w szczeg\u00f3lno\u015bci: \u2013 sporz\u0105dzanie akt\u00f3w notarialnych,\u2013 umowy sprzeda\u017cy, darowizny i inne umowy dotycz\u0105ce nieruchomo\u015bci,\u2013 testamenty i czynno\u015bci spadkowe,\u2013 pe\u0142nomocnictwa,\u2013 po\u015bwiadczenia podpis\u00f3w i dokument\u00f3w,\u2013 umowy maj\u0105tkowe ma\u0142\u017ce\u0144skie,\u2013 protoko\u0142y notarialne,\u2013 depozyty notarialne,&#8211; umowy sp\u00f3\u0142ek i inne czynno\u015bci prawa handlowego, w tym udzia\u0142 w zgromadzeniach wsp\u00f3lnik\u00f3w. Ka\u017cda czynno\u015b\u0107 poprzedzona jest analiz\u0105 prawn\u0105 [&hellip;]","og_url":"https:\/\/notariuszgaledek.pl\/index.php\/czynnosci-notarialne\/","og_site_name":"Kancelaria Notarialna","article_modified_time":"2026-02-10T20:25:28+00:00","twitter_card":"summary_large_image","twitter_misc":{"Szacowany czas czytania":"1 minuta"},"schema":{"@context":"https:\/\/schema.org","@graph":[{"@type":"WebPage","@id":"https:\/\/notariuszgaledek.pl\/index.php\/czynnosci-notarialne\/","url":"https:\/\/notariuszgaledek.pl\/index.php\/czynnosci-notarialne\/","name":"Czynno\u015bci notarialne - Kancelaria Notarialna","isPartOf":{"@id":"https:\/\/notariuszgaledek.pl\/#website"},"datePublished":"2026-02-09T19:30:26+00:00","dateModified":"2026-02-10T20:25:28+00:00","breadcrumb":{"@id":"https:\/\/notariuszgaledek.pl\/index.php\/czynnosci-notarialne\/#breadcrumb"},"inLanguage":"pl-PL","potentialAction":[{"@type":"ReadAction","target":["https:\/\/notariuszgaledek.pl\/index.php\/czynnosci-notarialne\/"]}]},{"@type":"BreadcrumbList","@id":"https:\/\/notariuszgaledek.pl\/index.php\/czynnosci-notarialne\/#breadcrumb","itemListElement":[{"@type":"ListItem","position":1,"name":"Strona g\u0142\u00f3wna","item":"https:\/\/notariuszgaledek.pl\/"},{"@type":"ListItem","position":2,"name":"Czynno\u015bci notarialne"}]},{"@type":"WebSite","@id":"https:\/\/notariuszgaledek.pl\/#website","url":"https:\/\/notariuszgaledek.pl\/","name":"Kancelaria Notarialna","description":"Notariusz Micha\u0142 Ga\u0142\u0119dek","publisher":{"@id":"https:\/\/notariuszgaledek.pl\/#organization"},"potentialAction":[{"@type":"SearchAction","target":{"@type":"EntryPoint","urlTemplate":"https:\/\/notariuszgaledek.pl\/?s={search_term_string}"},"query-input":{"@type":"PropertyValueSpecification","valueRequired":true,"valueName":"search_term_string"}}],"inLanguage":"pl-PL"},{"@type":"Organization","@id":"https:\/\/notariuszgaledek.pl\/#organization","name":"Kancelaria Notarialna","url":"https:\/\/notariuszgaledek.pl\/","logo":{"@type":"ImageObject","inLanguage":"pl-PL","@id":"https:\/\/notariuszgaledek.pl\/#\/schema\/logo\/image\/","url":"https:\/\/notariuszgaledek.pl\/wp-content\/uploads\/2026\/02\/bitmapa.png","contentUrl":"https:\/\/notariuszgaledek.pl\/wp-content\/uploads\/2026\/02\/bitmapa.png","width":512,"height":512,"caption":"Kancelaria Notarialna"},"image":{"@id":"https:\/\/notariuszgaledek.pl\/#\/schema\/logo\/image\/"}}]}},"_links":{"self":[{"href":"https:\/\/notariuszgaledek.pl\/index.php\/wp-json\/wp\/v2\/pages\/8","targetHints":{"allow":["GET"]}}],"collection":[{"href":"https:\/\/notariuszgaledek.pl\/index.php\/wp-json\/wp\/v2\/pages"}],"about":[{"href":"https:\/\/notariuszgaledek.pl\/index.php\/wp-json\/wp\/v2\/types\/page"}],"author":[{"embeddable":true,"href":"https:\/\/notariuszgaledek.pl\/index.php\/wp-json\/wp\/v2\/users\/1"}],"replies":[{"embeddable":true,"href":"https:\/\/notariuszgaledek.pl\/index.php\/wp-json\/wp\/v2\/comments?post=8"}],"version-history":[{"count":3,"href":"https:\/\/notariuszgaledek.pl\/index.php\/wp-json\/wp\/v2\/pages\/8\/revisions"}],"predecessor-version":[{"id":51,"href":"https:\/\/notariuszgaledek.pl\/index.php\/wp-json\/wp\/v2\/pages\/8\/revisions\/51"}],"wp:attachment":[{"href":"https:\/\/notariuszgaledek.pl\/index.php\/wp-json\/wp\/v2\/media?parent=8"}],"curies":[{"name":"wp","href":"https:\/\/api.w.org\/{rel}","templated":true}]}}